on factor of 30 and 56715.
15
Calculate the highest common factor of 3552 and 480.
96
Calculate the greatest common divisor of 81 and 72.
9
What is the highest common divisor of 655 and 1441?
131
Calculate the highest common factor of 1400 and 42.
14
What is the highest common divisor of 26 and 5?
1
Calculate the highest common factor of 78 and 221.
13
What is the highest common divisor of 185 and 9361?
37
What is the highest common factor of 64 and 192?
64
What is the highest common factor of 12 and 13824?
12
What is the highest common divisor of 252 and 72?
36
Calculate the highest common divisor of 220 and 165.
55
What is the greatest common factor of 93 and 341?
31
What is the highest common divisor of 2128 and 4389?
133
What is the highest common factor of 97 and 26093?
97
What is the highest common factor of 5292 and 245?
49
What is the highest common factor of 162 and 2142?
18
Calculate the greatest common factor of 14808 and 48.
24
Calculate the highest common factor of 3267 and 54.
27
Calculate the highest common factor of 104 and 6760.
104
Calculate the greatest common divisor of 13 and 6.
1
What is the greatest common divisor of 688 and 32?
16
Calculate the highest common divisor of 207 and 18.
9
Calculate the highest common divisor of 192 and 612.
12
Calculate the greatest common divisor of 4108 and 156.
52
What is the greatest common divisor of 5200 and 624?
208
What is the highest common divisor of 779 and 57?
19
What is the highest common divisor of 28 and 532?
28
What is the greatest common divisor of 5452 and 232?
116
Calculate the highest common divisor of 55 and 19525.
55
Calculate the greatest common factor of 37 and 2.
1
Calculate the greatest common divisor of 29 and 14471.
29
What is the greatest common factor of 37 and 1147?
37
What is the highest common factor of 352 and 11?
11
What is the highest common divisor of 34289 and 17?
17
What is the greatest common factor of 13 and 481?
13
What is the greatest common divisor of 357 and 399?
21
What is the greatest common divisor of 50 and 3775?
25
What is the greatest common divisor of 2044 and 28?
28
Calculate the greatest common factor of 144 and 11304.
72
Calculate the highest common divisor of 11 and 6347.
11
What is the greatest common factor of 9 and 270?
9
Calculate the highest common divisor of 72 and 168.
24
What is the greatest common factor of 36 and 306?
18
What is the highest common divisor of 4818 and 132?
66
Calculate the highest common factor of 21 and 1743.
21
Calculate the greatest common divisor of 969 and 57.
57
Calculate the highest common factor of 49 and 1.
1
Calculate the greatest common divisor of 391 and 368.
23
Calculate the highest common divisor of 2934 and 18.
18
What is the greatest common divisor of 11 and 75823?
11
What is the highest common divisor of 1328 and 128?
16
Calculate the highest common factor of 276 and 192.
12
Calculate the greatest common factor of 1927 and 611.
47
Calculate the highest common factor of 116 and 348.
116
Calculate the highest common divisor of 1360 and 64.
16
Calculate the greatest common divisor of 2703 and 212.
53
What is the highest common divisor of 41 and 123?
41
Calculate the highest common factor of 16705 and 5.
5
Calculate the greatest common divisor of 756 and 56.
28
Calculate the highest common factor of 66 and 23925.
33
What is the greatest common divisor of 68 and 51?
17
What is the greatest common factor of 5688 and 96?
24
What is the greatest common factor of 1975 and 25?
25
Calculate the greatest common factor of 28 and 2912.
28
Calculate the greatest common divisor of 989 and 1591.
43
Calculate the greatest common divisor of 9 and 27.
9
What is the greatest common divisor of 17 and 153?
17
Calculate the highest common factor of 45 and 36.
9
What is the highest common factor of 13412 and 28?
28
What is the greatest common factor of 20 and 970?
10
Calculate the greatest common divisor of 85 and 323.
17
What is the highest common factor of 45753 and 606?
303
Calculate the highest common factor of 602 and 172.
86
What is the highest common divisor of 30 and 12?
6
What is the highest common factor of 153 and 189?
9
What is the greatest common divisor of 38 and 2?
2
What is the greatest common divisor of 232 and 1184?
8
Calculate the greatest common divisor of 21 and 329.
7
What is the highest common divisor of 3794 and 7?
7
Calculate the highest common divisor of 123237 and 9.
9
What is the highest common factor of 1190 and 168?
14
What is the greatest common divisor of 102 and 4131?
51
Calculate the highest common factor of 2948 and 88.
44
What is the highest common factor of 72 and 384?
24
Calculate the highest common divisor of 25056 and 48.
48
Calculate the greatest common divisor of 2844 and 216.
36
What is the greatest common divisor of 8 and 688?
8
Calculate the highest common factor of 16 and 1576.
8
What is the highest common divisor of 20 and 210?
10
What is the greatest common factor of 5461 and 1143?
127
Calculate the highest common factor of 9 and 873.
9
What is the highest common divisor of 9594 and 52?
26
What is the greatest common divisor of 3 and 9?
3
Calculate the greatest common divisor of 8 and 276.
4
Calculate the highest common divisor of 4768 and 256.
32
Calculate the highest common factor of 11 and 5632.
11
What is the highest common divisor of 36 and 1704?
12
What is the highest common factor of 121 and 66?
11
Calculate the greatest common divisor of 320 and 100.
20
Calculate the highest common factor of 210 and 1666.
14
Calculate the highest common divisor of 24 and 348.
12
What is the highest common divisor of 1198 and 2?
2
What is the greatest common divisor of 92 and 368?
92
What is the greatest common factor of 1742 and 938?
134
What is the greatest common divisor of 329 and 9541?
329
What is the greatest common factor of 18 and 423?
9
What is the highest common factor of 44 and 3740?
44
What is the greatest common factor of 216 and 8289?
27
Calculate the greatest common divisor of 24 and 696.
24
Calculate the greatest common divisor of 1984 and 124.
124
What is the greatest common factor of 292 and 29638?
146
Calculate the highest common factor of 840 and 42.
42
What is the greatest common factor of 72 and 1746?
18
Calculate the highest common factor of 12 and 1464.
12
What is the greatest common factor of 39 and 104?
13
What is the highest common divisor of 9 and 11511?
9
Calculate the greatest common factor of 138 and 12.
6
What is the highest common divisor of 174 and 1334?
58
Calculate the greatest common factor of 1600 and 256.
64
What is the highest common factor of 475 and 125?
25
Calculate the greatest common divisor of 1984 and 64.
64
Calculate the greatest common divisor of 18 and 198.
18
What is the highest common divisor of 12 and 216?
12
What is the highest common factor of 12 and 44?
4
What is the highest common divisor of 9 and 14?
1
Calculate the greatest common factor of 333 and 9.
9
What is the highest common divisor of 42 and 287?
7
Calculate the highest common factor of 108 and 144.
36
Calculate the greatest common factor of 5 and 320.
5
Calculate the highest common factor of 56 and 280.
56
Calculate the highest common factor of 17 and 11.
1
Calculate the highest common factor of 1166 and 352.
22
Calculate the highest common factor of 153 and 51.
51
Calculate the greatest common divisor of 68 and 918.
34
What is the highest common divisor of 95 and 646?
19
What is the greatest common divisor of 176 and 11?
11
What is the greatest common factor of 6035 and 255?
85
What is the greatest common factor of 42 and 24486?
42
Calculate the highest common divisor of 20 and 540.
20
What is the greatest common factor of 2080 and 400?
80
What is the highest common factor of 34 and 2278?
34
What is the highest common factor of 1503 and 2171?
167
Calculate the highest common factor of 60 and 2160.
60
What is the greatest common divisor of 56 and 88?
8
Calculate the highest common factor of 34 and 26.
2
What is the greatest common divisor of 228 and 1482?
114
Calculate the greatest common factor of 5614 and 56.
14
Calculate the greatest common factor of 7725 and 3708.
309
Calculate the highest common divisor of 10 and 890.
10
What is the greatest common divisor 